{"id":2528,"date":"2018-03-31T17:41:35","date_gmt":"2018-03-31T15:41:35","guid":{"rendered":"https:\/\/cesyt.nexus5.com\/?page_id=2528"},"modified":"2021-10-27T00:20:44","modified_gmt":"2021-10-26T22:20:44","slug":"politica-de-calidad-y-medioambiente","status":"publish","type":"page","link":"https:\/\/www.cesyt.es\/index.php\/aviso-legal-y-politicas\/politica-de-calidad-y-medioambiente\/","title":{"rendered":"Pol\u00edtica de Calidad y Medioambiente"},"content":{"rendered":"\n<p>CESYT, S.L. es una empresa dedicada a los servicios de consultor\u00eda experta en comunicaci\u00f3n ambiental y uso p\u00fablico. Su labor principal es desarrollar, en colaboraci\u00f3n con t\u00e9cnicos de la administraci\u00f3n, universidades, especialistas y asociaciones ciudadanas, una nueva filosof\u00eda sobre el uso y aprovechamiento de los espacios verdes urbanos, periurbanos y rurales. Desde la Direcci\u00f3n de CESYT, S.L. se ha adquirido el compromiso de llevar a cabo las acciones oportunas para la implantaci\u00f3n de un Sistema Integrado de Gesti\u00f3n de Calidad y Medio Ambiente y lograr su certificaci\u00f3n en base a los requisitos de las normas <strong>UNE-EN-ISO 9001: 2015 <\/strong>y<strong> UNE-EN-ISO 14001: 2015<\/strong>.<\/p>\n\n\n\n<p>Sus objetivos fundamentales son, por un lado, la mejora de la calidad en lo referente tanto a la prestaci\u00f3n del servicio, como a la atenci\u00f3n al cliente y, por otro, garantizar la m\u00e1xima rentabilidad de la empresa sin olvidar la mejora de su desempe\u00f1o ambiental y la gesti\u00f3n de sus responsabilidades en este campo.<\/p>\n\n\n\n<p>Estos objetivos se alcanzan desarrollando los siguientes puntos:<\/p>\n\n\n\n<ul class=\"wp-block-list\"><li>Cumplimiento de requisitos legales y t\u00e9cnicos.<\/li><li>Orientaci\u00f3n total a la satisfacci\u00f3n de las necesidades y expectativas de los clientes, as\u00ed como a la mejora cont\u00ednua.<\/li><li>Aseguramiento de la calidad de todas las actividades y procesos de la empresa para as\u00ed poder garantizar el servicio prestado a los clientes.<\/li><li>Cumplimiento de los requisitos de la norma <strong>UNE-EN-ISO 9001:2015<\/strong>.<\/li><li>Compromiso para la protecci\u00f3n del medio ambiente incluyendo la prevenci\u00f3n de la contaminaci\u00f3n, uso sostenible de los recursos, adaptaci\u00f3n al cambio clim\u00e1tico y protecci\u00f3n de la biodiversidad y de los ecosistemas.<\/li><li>Ajustarse a la normativa ambiental vigente.<\/li><li>Desarrollar y mejorar las actividades actuales procurando en todo momento que el impacto ambiental sea m\u00ednimo.<\/li><li>Disminuir al m\u00e1ximo los riesgos de accidente medioambiental.<\/li><li>Cumplir con aquellos compromisos ambientales que se subscriban voluntariamente.<\/li><li>Cumplimiento de los requisitos de la norma <strong>UNE-EN-ISO 14001:2015<\/strong>.<\/li><\/ul>\n\n\n\n<p>La Direcci\u00f3n establece anualmente, en aras de alcanzar los objetivos generales de la Pol\u00edtica de Calidad y Medio Ambiente, objetivos particulares documentados y cuantificables, que ser\u00e1n elaborados y revisados peri\u00f3dicamente por la Direcci\u00f3n y difundidos al personal. Asimismo, establece los correspondientes criterios de actuaci\u00f3n, asigna los recursos necesarios y fija las responsabilidades para la consecuci\u00f3n de estos objetivos.<\/p>\n\n\n\n<p>La Direcci\u00f3n y el personal de esta empresa entienden y comparten este Sistema Integrado de Gesti\u00f3n como forma de trabajo para todas y cada una de las actividades.<\/p>\n\n\n\n<p>Esta Pol\u00edtica de la Calidad y Medio Ambiente ha sido comunicada a todo el personal y es entendida, aplicada, y mantenida al d\u00eda en todos los niveles de la organizaci\u00f3n y, regularmente, se lleva a cabo un seguimiento de su efectividad y cumplimiento.<\/p>\n\n\n\n<p><\/p>\n\n\n\n<p><\/p>\n","protected":false},"excerpt":{"rendered":"<p>CESYT, S.L. es una empresa dedicada a los servicios de consultor\u00eda experta en comunicaci\u00f3n ambiental y uso p\u00fablico. Su labor principal es desarrollar, en colaboraci\u00f3n con t\u00e9cnicos de la administraci\u00f3n, universidades, especialistas y asociaciones ciudadanas, una nueva filosof\u00eda sobre el uso y aprovechamiento de los espacios verdes urbanos, periurbanos y rurales. Desde la Direcci\u00f3n de [&hellip;]<\/p>\n","protected":false},"author":2,"featured_media":0,"parent":2524,"menu_order":1,"comment_status":"closed","ping_status":"closed","template":"","meta":{"_et_pb_use_builder":"off","_et_pb_old_content":"<!-- wp:paragraph {\"align\":\"center\"} -->\n<p class=\"has-text-align-center\"><strong>LEY DE LOS SERVICIOS DE LA SOCIEDAD DE LA INFORMACI\u00d3N (LSSI)<\/strong><\/p>\n<!-- \/wp:paragraph -->\n\n<!-- wp:paragraph -->\n<p>TELOCONFIGURO, S.L., responsable del sitio web, en adelante RESPONSABLE, pone a disposici\u00f3n de los usuarios el presente documento, con el que pretende dar cumplimiento a las obligaciones dispuestas en la Ley 34\/2002, de 11 de julio, de Servicios de la Sociedad de la Informaci\u00f3n y de Comercio Electr\u00f3nico (LSSICE), BOE N.\u00ba 166, as\u00ed como informar a todos los usuarios del sitio web respecto a cu\u00e1les son las condiciones de uso.<\/p>\n<!-- \/wp:paragraph -->\n\n<!-- wp:paragraph -->\n<p>Toda persona que acceda a este sitio web asume el papel de usuario, comprometi\u00e9ndose a la observancia y cumplimiento riguroso de las disposiciones aqu\u00ed dispuestas, as\u00ed como a cualquier otra disposici\u00f3n legal que fuera de aplicaci\u00f3n.<\/p>\n<!-- \/wp:paragraph -->\n\n<!-- wp:paragraph -->\n<p>TELOCONFIGURO, S.L. se reserva el derecho de modificar cualquier tipo de informaci\u00f3n que pudiera aparecer en el sitio web, sin que exista obligaci\u00f3n de preavisar o poner en conocimiento de los usuarios dichas obligaciones, entendi\u00e9ndose como suficiente la publicaci\u00f3n en el sitio web de TELOCONFIGURO, S.L..<\/p>\n<!-- \/wp:paragraph -->\n\n<!-- wp:paragraph -->\n<p><strong>1. DATOS IDENTIFICATIVOS<\/strong><\/p>\n<!-- \/wp:paragraph -->\n\n<!-- wp:paragraph -->\n<p>Nombre de dominio: tlcsistemas.com<br>Nombre comercial: TELOCONFIGURO, S.L.<br>Denominaci\u00f3n social: TELOCONFIGURO, S.L.<br>NIF: B02787604<br>Domicilio social: CALLE ROTONDA DEL EBRO, 4 LOCAL 1 VALDEMORILLO (MADRID)<br>Tel\u00e9fono: 635 94 80 91<br>E-mail: tlc@tlcsistemas.com<\/p>\n<!-- \/wp:paragraph -->\n\n<!-- wp:paragraph -->\n<p><strong>2. DERECHOS DE PROPIEDAD INTELECTUAL E INDUSTRIAL<\/strong><\/p>\n<!-- \/wp:paragraph -->\n\n<!-- wp:paragraph -->\n<p>El sitio web, incluyendo a t\u00edtulo enunciativo pero no limitativo su programaci\u00f3n, edici\u00f3n, compilaci\u00f3n y dem\u00e1s elementos necesarios para su funcionamiento, los dise\u00f1os, logotipos, texto y\/o gr\u00e1ficos, son propiedad del RESPONSABLE o, si es el caso, dispone de licencia o autorizaci\u00f3n expresa por parte de los autores. Todos los contenidos del sitio web se encuentran debidamente protegidos por la normativa de propiedad intelectual e industrial, as\u00ed como inscritos en los registros p\u00fablicos correspondientes.<\/p>\n<!-- \/wp:paragraph -->\n\n<!-- wp:paragraph -->\n<p>Independientemente de la finalidad para la que fueran destinados, la reproducci\u00f3n total o parcial, uso, explotaci\u00f3n, distribuci\u00f3n y comercializaci\u00f3n, requiere en todo caso la autorizaci\u00f3n escrita previa por parte del RESPONSABLE. Cualquier uso no autorizado previamente se considera un incumplimiento grave de los derechos de propiedad intelectual o industrial del autor.<\/p>\n<!-- \/wp:paragraph -->\n\n<!-- wp:paragraph -->\n<p>Los dise\u00f1os, logotipos, texto y\/o gr\u00e1ficos ajenos al RESPONSABLE y que pudieran aparecer en el sitio web, pertenecen a sus respectivos propietarios, siendo ellos mismos responsables de cualquier posible controversia que pudiera suscitarse respecto a los mismos. El RESPONSABLE autoriza expresamente a que terceros puedan redirigir directamente a los contenidos concretos del sitio web, y en todo caso redirigir al sitio web principal de tlcsistemas.com.<\/p>\n<!-- \/wp:paragraph -->\n\n<!-- wp:paragraph -->\n<p>El RESPONSABLE reconoce a favor de sus titulares los correspondientes derechos de propiedad intelectual e industrial, no implicando su sola menci\u00f3n o aparici\u00f3n en el sitio web la existencia de derechos o responsabilidad alguna sobre los mismos, como tampoco respaldo, patrocinio o recomendaci\u00f3n por parte del mismo.<br><br>Para realizar cualquier tipo de observaci\u00f3n respecto a posibles incumplimientos de los derechos de propiedad intelectual o industrial, as\u00ed como sobre cualquiera de los contenidos del sitio web, puede hacerlo a trav\u00e9s del correo electr\u00f3nico tlc@tlcsistemas.com.<\/p>\n<!-- \/wp:paragraph -->\n\n<!-- wp:paragraph -->\n<p><strong>3. EXENCI\u00d3N DE RESPONSABILIDADES<\/strong><\/p>\n<!-- \/wp:paragraph -->\n\n<!-- wp:paragraph -->\n<p>El RESPONSABLE se exime de cualquier tipo de responsabilidad derivada de la informaci\u00f3n publicada en su sitio web siempre que esta informaci\u00f3n haya sido manipulada o introducida por un tercero ajeno al mismo.<\/p>\n<!-- \/wp:paragraph -->\n\n<!-- wp:paragraph -->\n<p><strong>Uso de Cookies<\/strong><\/p>\n<!-- \/wp:paragraph -->\n\n<!-- wp:paragraph -->\n<p>Este sitio web puede utilizar cookies t\u00e9cnicas (peque\u00f1os archivos de informaci\u00f3n que el servidor env\u00eda al ordenador de quien accede a la p\u00e1gina) para llevar a cabo determinadas funciones que son consideradas imprescindibles para el correcto funcionamiento y visualizaci\u00f3n del sitio. Las cookies utilizadas tienen, en todo caso, car\u00e1cter temporal, con la \u00fanica finalidad de hacer m\u00e1s eficaz la navegaci\u00f3n, y desaparecen al terminar la sesi\u00f3n del usuario. En ning\u00fan caso, estas cookies proporcionan por s\u00ed mismas datos de car\u00e1cter personal y no se utilizar\u00e1n para la recogida de los mismos.<\/p>\n<!-- \/wp:paragraph -->\n\n<!-- wp:paragraph -->\n<p>Mediante el uso de cookies tambi\u00e9n es posible que el servidor donde se encuentra la web reconozca el navegador utilizado por el usuario con la finalidad de que la navegaci\u00f3n sea m\u00e1s sencilla, permitiendo, por ejemplo, el acceso de los usuarios que se hayan registrado previamente a las \u00e1reas, servicios, promociones o concursos reservados exclusivamente a ellos sin tener que registrarse en cada visita. Tambi\u00e9n se pueden utilizar para medir la audiencia, par\u00e1metros de tr\u00e1fico, controlar el progreso y n\u00famero de entradas, etc., siendo en estos casos cookies prescindibles t\u00e9cnicamente, pero beneficiosas para el usuario. Este sitio web no instalar\u00e1 cookies prescindibles sin el consentimiento previo del usuario.<\/p>\n<!-- \/wp:paragraph -->\n\n<!-- wp:paragraph -->\n<p>El usuario tiene la posibilidad de configurar su navegador para ser alertado de la recepci\u00f3n de cookies y para impedir su instalaci\u00f3n en su equipo. Por favor, consulte las instrucciones de su navegador para ampliar esta informaci\u00f3n.<\/p>\n<!-- \/wp:paragraph -->\n\n<!-- wp:paragraph -->\n<p><strong>Pol\u00edtica de enlaces<\/strong><\/p>\n<!-- \/wp:paragraph -->\n\n<!-- wp:paragraph -->\n<p>Desde el sitio web, es posible que se redirija a contenidos de terceros sitios web. Dado que el RESPONSABLE no puede controlar siempre los contenidos introducidos por terceros en sus respectivos sitios web, no asume ning\u00fan tipo de responsabilidad respecto a dichos contenidos. En todo caso, proceder\u00e1 a la retirada inmediata de cualquier contenido que pudiera contravenir la legislaci\u00f3n nacional o internacional, la moral o el orden p\u00fablico, procediendo a la retirada inmediata de la redirecci\u00f3n a dicho sitio web, poniendo en conocimiento de las autoridades competentes el contenido en cuesti\u00f3n.<\/p>\n<!-- \/wp:paragraph -->\n\n<!-- wp:paragraph -->\n<p>El RESPONSABLE no se hace responsable de la informaci\u00f3n y contenidos almacenados, a t\u00edtulo enunciativo pero no limitativo, en foros, chats, generadores de blogs, comentarios, redes sociales o cualquier otro medio que permita a terceros publicar contenidos de forma independiente en la p\u00e1gina web del RESPONSABLE. Sin embargo, y en cumplimiento de lo dispuesto en los art\u00edculos 11 y 16 de la LSSICE, se pone a disposici\u00f3n de todos los usuarios, autoridades y fuerzas de seguridad, colaborando de forma activa en la retirada o, en su caso, bloqueo de todos aquellos contenidos que puedan afectar o contravenir la legislaci\u00f3n nacional o internacional, los derechos de terceros o la moral y el orden p\u00fablico. En caso de que el usuario considere que existe en el sitio web alg\u00fan contenido que pudiera ser susceptible de esta clasificaci\u00f3n, se ruega lo notifique de forma inmediata al administrador del sitio web.<\/p>\n<!-- \/wp:paragraph -->\n\n<!-- wp:paragraph -->\n<p>Este sitio web se ha revisado y probado para que funcione correctamente. En principio, puede garantizarse el correcto funcionamiento los 365 d\u00edas del a\u00f1o, 24 horas al d\u00eda. Sin embargo, el RESPONSABLE no descarta la posibilidad de que existan ciertos errores de programaci\u00f3n, o que acontezcan causas de fuerza mayor, cat\u00e1strofes naturales, huelgas o circunstancias semejantes que hagan imposible el acceso a la p\u00e1gina web.<\/p>\n<!-- \/wp:paragraph -->\n\n<!-- wp:paragraph -->\n<p><strong>Direcciones IP<\/strong><\/p>\n<!-- \/wp:paragraph -->\n\n<!-- wp:paragraph -->\n<p>Los servidores del sitio web podr\u00e1n detectar de manera autom\u00e1tica la direcci\u00f3n IP y el nombre de dominio utilizados por el usuario. Una direcci\u00f3n IP es un n\u00famero asignado autom\u00e1ticamente a un ordenador cuando este se conecta a Internet. Toda esta informaci\u00f3n se registra en un fichero de actividad del servidor que permite el posterior procesamiento de los datos con el fin de obtener mediciones \u00fanicamente estad\u00edsticas que permitan conocer el n\u00famero de impresiones de p\u00e1ginas, el n\u00famero de visitas realizadas a los servidores web, el orden de visitas, el punto de acceso, etc.<\/p>\n<!-- \/wp:paragraph -->\n\n<!-- wp:paragraph -->\n<p><strong>4. LEY APLICABLE Y JURISDICCI\u00d3N<\/strong><\/p>\n<!-- \/wp:paragraph -->\n\n<!-- wp:paragraph -->\n<p>Para la resoluci\u00f3n de todas las controversias o cuestiones relacionadas con el presente sitio web o de las actividades en \u00e9l desarrolladas, ser\u00e1 de aplicaci\u00f3n la legislaci\u00f3n espa\u00f1ola, a la que se someten expresamente las partes, siendo competentes para la resoluci\u00f3n de todos los conflictos derivados o relacionados con su uso los Juzgados y Tribunales del domicilio del USUARIO o el lugar del cumplimiento de la obligaci\u00f3n.<\/p>\n<!-- \/wp:paragraph -->","_et_gb_content_width":"1080","footnotes":""},"class_list":["post-2528","page","type-page","status-publish","hentry"],"yoast_head":"<!-- This site is optimized with the Yoast SEO plugin v27.1.1 - https:\/\/yoast.com\/product\/yoast-seo-wordpress\/ -->\n<title>Pol\u00edtica de Calidad y Medioambiente CESYT<\/title>\n<meta name=\"description\" content=\"Pol\u00edtica de Calidad y Medioambiente -\" \/>\n<meta name=\"robots\" content=\"index, follow, max-snippet:-1, max-image-preview:large, max-video-preview:-1\" \/>\n<link rel=\"canonical\" href=\"https:\/\/www.cesyt.es\/index.php\/aviso-legal-y-politicas\/politica-de-calidad-y-medioambiente\/\" \/>\n<meta property=\"og:locale\" content=\"es_ES\" \/>\n<meta property=\"og:type\" content=\"article\" \/>\n<meta property=\"og:title\" content=\"Pol\u00edtica de Calidad y Medioambiente CESYT\" \/>\n<meta property=\"og:description\" content=\"Pol\u00edtica de Calidad y Medioambiente -\" \/>\n<meta property=\"og:url\" content=\"https:\/\/www.cesyt.es\/index.php\/aviso-legal-y-politicas\/politica-de-calidad-y-medioambiente\/\" \/>\n<meta property=\"og:site_name\" content=\"CESYT\" \/>\n<meta property=\"article:modified_time\" content=\"2021-10-26T22:20:44+00:00\" \/>\n<meta name=\"twitter:card\" content=\"summary_large_image\" \/>\n<meta name=\"twitter:label1\" content=\"Tiempo de lectura\" \/>\n\t<meta name=\"twitter:data1\" content=\"2 minutos\" \/>\n<script type=\"application\/ld+json\" class=\"yoast-schema-graph\">{\"@context\":\"https:\/\/schema.org\",\"@graph\":[{\"@type\":\"WebPage\",\"@id\":\"https:\/\/www.cesyt.es\/index.php\/aviso-legal-y-politicas\/politica-de-calidad-y-medioambiente\/\",\"url\":\"https:\/\/www.cesyt.es\/index.php\/aviso-legal-y-politicas\/politica-de-calidad-y-medioambiente\/\",\"name\":\"Pol\u00edtica de Calidad y Medioambiente CESYT\",\"isPartOf\":{\"@id\":\"https:\/\/www.cesyt.es\/#website\"},\"datePublished\":\"2018-03-31T15:41:35+00:00\",\"dateModified\":\"2021-10-26T22:20:44+00:00\",\"description\":\"Pol\u00edtica de Calidad y Medioambiente -\",\"breadcrumb\":{\"@id\":\"https:\/\/www.cesyt.es\/index.php\/aviso-legal-y-politicas\/politica-de-calidad-y-medioambiente\/#breadcrumb\"},\"inLanguage\":\"es\",\"potentialAction\":[{\"@type\":\"ReadAction\",\"target\":[\"https:\/\/www.cesyt.es\/index.php\/aviso-legal-y-politicas\/politica-de-calidad-y-medioambiente\/\"]}]},{\"@type\":\"BreadcrumbList\",\"@id\":\"https:\/\/www.cesyt.es\/index.php\/aviso-legal-y-politicas\/politica-de-calidad-y-medioambiente\/#breadcrumb\",\"itemListElement\":[{\"@type\":\"ListItem\",\"position\":1,\"name\":\"Portada\",\"item\":\"https:\/\/www.cesyt.es\/\"},{\"@type\":\"ListItem\",\"position\":2,\"name\":\"Aviso legal y pol\u00edticas\",\"item\":\"https:\/\/www.cesyt.es\/index.php\/aviso-legal-y-politicas\/\"},{\"@type\":\"ListItem\",\"position\":3,\"name\":\"Pol\u00edtica de Calidad y Medioambiente\"}]},{\"@type\":\"WebSite\",\"@id\":\"https:\/\/www.cesyt.es\/#website\",\"url\":\"https:\/\/www.cesyt.es\/\",\"name\":\"CESYT - Salud Urbana\",\"description\":\"Salud Urbana\",\"publisher\":{\"@id\":\"https:\/\/www.cesyt.es\/#organization\"},\"potentialAction\":[{\"@type\":\"SearchAction\",\"target\":{\"@type\":\"EntryPoint\",\"urlTemplate\":\"https:\/\/www.cesyt.es\/?s={search_term_string}\"},\"query-input\":{\"@type\":\"PropertyValueSpecification\",\"valueRequired\":true,\"valueName\":\"search_term_string\"}}],\"inLanguage\":\"es\"},{\"@type\":\"Organization\",\"@id\":\"https:\/\/www.cesyt.es\/#organization\",\"name\":\"CESYT - Salud urbana\",\"url\":\"https:\/\/www.cesyt.es\/\",\"logo\":{\"@type\":\"ImageObject\",\"inLanguage\":\"es\",\"@id\":\"https:\/\/www.cesyt.es\/#\/schema\/logo\/image\/\",\"url\":\"https:\/\/cesyt.es\/wp-content\/uploads\/2021\/07\/Positivo-SC.png\",\"contentUrl\":\"https:\/\/cesyt.es\/wp-content\/uploads\/2021\/07\/Positivo-SC.png\",\"width\":2008,\"height\":1654,\"caption\":\"CESYT - Salud urbana\"},\"image\":{\"@id\":\"https:\/\/www.cesyt.es\/#\/schema\/logo\/image\/\"}}]}<\/script>\n<!-- \/ Yoast SEO plugin. -->","yoast_head_json":{"title":"Pol\u00edtica de Calidad y Medioambiente CESYT","description":"Pol\u00edtica de Calidad y Medioambiente -","robots":{"index":"index","follow":"follow","max-snippet":"max-snippet:-1","max-image-preview":"max-image-preview:large","max-video-preview":"max-video-preview:-1"},"canonical":"https:\/\/www.cesyt.es\/index.php\/aviso-legal-y-politicas\/politica-de-calidad-y-medioambiente\/","og_locale":"es_ES","og_type":"article","og_title":"Pol\u00edtica de Calidad y Medioambiente CESYT","og_description":"Pol\u00edtica de Calidad y Medioambiente -","og_url":"https:\/\/www.cesyt.es\/index.php\/aviso-legal-y-politicas\/politica-de-calidad-y-medioambiente\/","og_site_name":"CESYT","article_modified_time":"2021-10-26T22:20:44+00:00","twitter_card":"summary_large_image","twitter_misc":{"Tiempo de lectura":"2 minutos"},"schema":{"@context":"https:\/\/schema.org","@graph":[{"@type":"WebPage","@id":"https:\/\/www.cesyt.es\/index.php\/aviso-legal-y-politicas\/politica-de-calidad-y-medioambiente\/","url":"https:\/\/www.cesyt.es\/index.php\/aviso-legal-y-politicas\/politica-de-calidad-y-medioambiente\/","name":"Pol\u00edtica de Calidad y Medioambiente CESYT","isPartOf":{"@id":"https:\/\/www.cesyt.es\/#website"},"datePublished":"2018-03-31T15:41:35+00:00","dateModified":"2021-10-26T22:20:44+00:00","description":"Pol\u00edtica de Calidad y Medioambiente -","breadcrumb":{"@id":"https:\/\/www.cesyt.es\/index.php\/aviso-legal-y-politicas\/politica-de-calidad-y-medioambiente\/#breadcrumb"},"inLanguage":"es","potentialAction":[{"@type":"ReadAction","target":["https:\/\/www.cesyt.es\/index.php\/aviso-legal-y-politicas\/politica-de-calidad-y-medioambiente\/"]}]},{"@type":"BreadcrumbList","@id":"https:\/\/www.cesyt.es\/index.php\/aviso-legal-y-politicas\/politica-de-calidad-y-medioambiente\/#breadcrumb","itemListElement":[{"@type":"ListItem","position":1,"name":"Portada","item":"https:\/\/www.cesyt.es\/"},{"@type":"ListItem","position":2,"name":"Aviso legal y pol\u00edticas","item":"https:\/\/www.cesyt.es\/index.php\/aviso-legal-y-politicas\/"},{"@type":"ListItem","position":3,"name":"Pol\u00edtica de Calidad y Medioambiente"}]},{"@type":"WebSite","@id":"https:\/\/www.cesyt.es\/#website","url":"https:\/\/www.cesyt.es\/","name":"CESYT - Salud Urbana","description":"Salud Urbana","publisher":{"@id":"https:\/\/www.cesyt.es\/#organization"},"potentialAction":[{"@type":"SearchAction","target":{"@type":"EntryPoint","urlTemplate":"https:\/\/www.cesyt.es\/?s={search_term_string}"},"query-input":{"@type":"PropertyValueSpecification","valueRequired":true,"valueName":"search_term_string"}}],"inLanguage":"es"},{"@type":"Organization","@id":"https:\/\/www.cesyt.es\/#organization","name":"CESYT - Salud urbana","url":"https:\/\/www.cesyt.es\/","logo":{"@type":"ImageObject","inLanguage":"es","@id":"https:\/\/www.cesyt.es\/#\/schema\/logo\/image\/","url":"https:\/\/cesyt.es\/wp-content\/uploads\/2021\/07\/Positivo-SC.png","contentUrl":"https:\/\/cesyt.es\/wp-content\/uploads\/2021\/07\/Positivo-SC.png","width":2008,"height":1654,"caption":"CESYT - Salud urbana"},"image":{"@id":"https:\/\/www.cesyt.es\/#\/schema\/logo\/image\/"}}]}},"_links":{"self":[{"href":"https:\/\/www.cesyt.es\/index.php\/wp-json\/wp\/v2\/pages\/2528","targetHints":{"allow":["GET"]}}],"collection":[{"href":"https:\/\/www.cesyt.es\/index.php\/wp-json\/wp\/v2\/pages"}],"about":[{"href":"https:\/\/www.cesyt.es\/index.php\/wp-json\/wp\/v2\/types\/page"}],"author":[{"embeddable":true,"href":"https:\/\/www.cesyt.es\/index.php\/wp-json\/wp\/v2\/users\/2"}],"replies":[{"embeddable":true,"href":"https:\/\/www.cesyt.es\/index.php\/wp-json\/wp\/v2\/comments?post=2528"}],"version-history":[{"count":5,"href":"https:\/\/www.cesyt.es\/index.php\/wp-json\/wp\/v2\/pages\/2528\/revisions"}],"predecessor-version":[{"id":2586,"href":"https:\/\/www.cesyt.es\/index.php\/wp-json\/wp\/v2\/pages\/2528\/revisions\/2586"}],"up":[{"embeddable":true,"href":"https:\/\/www.cesyt.es\/index.php\/wp-json\/wp\/v2\/pages\/2524"}],"wp:attachment":[{"href":"https:\/\/www.cesyt.es\/index.php\/wp-json\/wp\/v2\/media?parent=2528"}],"curies":[{"name":"wp","href":"https:\/\/api.w.org\/{rel}","templated":true}]}}